be 7/14 - (0 - (-33)/(-6)). Let u(n) = 21*n**2 + 5*n + 46. What is the hundreds digit of u(o)?
8
Suppose 21853 = 2*b + 5*o - 23311, 3*o - 18 = 0. What is the hundreds digit of b?
5
Let a = -7166 - -12445. What is the thousands digit of a?
5
Let r(u) = 2*u**2 - 92*u + 1116. What is the hundreds digit of r(78)?
1
Let y be (-81567)/(-19) - (-2)/(6/9). Suppose -62*r + 66*r - y = 0. What is the tens digit of r?
7
Let h = 31789 + 6388. What is the thousands digit of h?
8
Let o = 98 + -93. Suppose -5 = -5*h + o. Suppose w = -2*n + 218, h*w + 536 = 5*n - 0*n. What is the tens digit of n?
0
Let h(f) = f**3 - 11*f**2 + 62*f - 135. What is the tens digit of h(24)?
4
Let p(c) = -c**3 - c**2 + c - 1. Let i be p(0). What is the units digit of -5 - (-514 - 4) - (i + 1)?
3
Let o(g) = -72*g**3 - g**2 + g + 1. Suppose -5*x = -308 + 68. Let b = 47 - x. What is the tens digit of o(b)?
7
Suppose -4*k - 964 = 2*y, y - 5*y = 3*k + 1928. Let w = -2712 + 3431. Let z = y + w. What is the tens digit of z?
3
Suppose -75*m + 68*m + 68516 = 0. What is the tens digit of m?
8
Suppose 9*a - 41 = 4. Suppose 0 = -c + a*c - 20. What is the tens digit of (-3)/c - (-476)/10?
4
Suppose 1345*a - 57515 = 1343*a - 5*z, 0 = -4*a + 8*z + 115048. What is the units digit of a?
0
Suppose 286054 = -17*q + 14*q - 4*w, 4*w = 20. What is the hundreds digit of 4/6*q/(-92)?
6
Let b = 13321 - 3009. What is the ten thousands digit of b?
1
Let k = 30814 - 16287. What is the hundreds digit of k?
5
What is the tens digit of 57*(-211)/4*(-3 + -33)/9?
2
Suppose -k + 71 = -4*d - 185, 3*d - 291 = -k. Let y be 1*10/(-25) - k/10. What is the units digit of -122*(y/8 + 3)?
1
Let j = -46223 + 92945. What is the tens digit of j?
2
Let h = -2870 - -3750. What is the hundreds digit of h?
8
Let m = -762 + 758. Let b(f) = 4*f**2 + f - 6. Let k(j) = -4*j**2 - 2*j + 5. Let d(y) = 3*b(y) + 2*k(y). What is the tens digit of d(m)?
6
Suppose 0 = d - 4*j - 6812, -29*j = d - 26*j - 6805. What is the thousands digit of d?
6
What is the thousands digit of (-1023 + 5 + -1)*-3?
3
Let n = 33863 + -3100. What is the tens digit of n?
6
Let d be (14/10*-3)/((-18)/210). Suppose 44*x = d*x - 260. What is the units digit of x?
2
Let o = 5 + -8. Let p be o - (-8 - -3)*24/15. Suppose 75 + 925 = p*z. What is the tens digit of z?
0
Let c(g) = 19*g**2 - 2*g + 8. Let l = -15 + 17. Suppose 3*z + 23 = 2*k, 13*k - l*z = 14*k + 6. What is the tens digit of c(k)?
0
Let t(v) be the second derivative of v**5/10 - v**4/4 - 4*v**3/3 + 5*v**2/2 + 7*v. Let j be t(6). Let k = -175 + j. What is the hundreds digit of k?
1
Suppose 99*k - 1156100 = 1768459. What is the thousands digit of k?
9
Let r(w) = w**3 - 15*w**2 + 38*w - 22. Let a be r(12). What is the units digit of (148/(-20))/(a/(-4))*20?
6
Let s = 15105 - 4692. What is the ten thousands digit of s?
1
Suppose 0*o - 9 = -2*o + d, -5*o + 2*d = -20. Suppose -q + o = 236. What is the units digit of 9/2*q/(-27)?
9
Let r(y) = 3*y**2 - 39*y + 695. What is the tens digit of r(84)?
8
Suppose -3*o + 7982 = 4*g, 5*g + 0*g = -3*o + 9976. Let a = g - 1349. What is the units digit of a?
5
Let p = 70 + -49. Let c be (-1 - -4) + -2 - p. What is the units digit of 38 - ((-5)/c - 1/4)?
8
Let y(r) = -r**3 - 9*r**2 + 4*r - 1. Let g be y(-7). Let s(f) = 2*f**3 - 18*f**2 + 48*f + 26. Let x be s(8). Let k = g + x. What is the hundreds digit of k?
1
Suppose -34*k = -35*k + 4. What is the tens digit of (8 - k)*(-4 + 1 - -17)?
5
Let u be 5/(-2)*8/(-10). What is the hundreds digit of (21 + -19 + (-573)/u)*-2?
5
Let v = -3459 - -25143. What is the units digit of v?
4
Let u = -81766 + 120239. What is the thousands digit of u?
8
Let n = -890 - -990. Let f be (-4 - -7)*5*-5. Let x = f + n. What is the tens digit of x?
2
Suppose 5*h = 10, 3*x = x + 2*h + 8. Let r(o) = -o**2 - 80*o**3 - x*o + 2*o + o + 0*o**2 - 2. What is the units digit of r(-1)?
0
Let s = -215 + 162. Let f = 87 - s. What is the tens digit of f?
4
Let g(o) = -o**3 - o**2 + 2*o + 772. Let r be g(0). Suppose -r = 11*w - 167. Let q = 56 + w. What is the units digit of q?
1
Suppose 0 = -61*i + 4*i - 18*i + 714900. What is the tens digit of i?
3
Let c(z) = 2*z**3 + 3*z**2 - 9*z + 66. Let h(r) = 15*r**2 + 28*r + 3. Let y be h(-2). What is the units digit of c(y)?
6
Let c = 237 - 226. Suppose 9*n = c*n - 62. What is the units digit of n?
1
Let k(l) = 4*l**2 - 18*l - 41. Let s be -3 + 4 - (-1 + 4) - -13. What is the units digit of k(s)?
5
Let p = 53906 + -29374. What is the ten thousands digit of p?
2
Let t(f) be the first derivative of 31*f**3/3 + 14*f**2 + 17*f - 271. What is the thousands digit of t(-8)?
1
Suppose 816813 = -26*w - 73089. What is the units digit of (6/9)/(-7 - w/4887)?
1
Suppose -7*u + 710 = -5*u. Let z = u - 66. What is the hundreds digit of z?
2
What is the tens digit of (4023/(-6))/((-142)/1420)?
0
Suppose 0 = 37*g - 493351 - 389395 + 40700. What is the tens digit of g?
5
Suppose -6*x + 62 = 14. Suppose -x*w + 400 = -3*w. Suppose -w = -z + 12. What is the tens digit of z?
9
What is the thousands digit of ((-87)/58)/((-9)/6276)?
1
Suppose -v + 3*u = -80164, -3*v + 34*u + 240427 = 38*u. What is the units digit of v?
9
Let c = 45665 - 2797. What is the thousands digit of c?
2
Let f(a) = 1. Let x(b) = 3*b + 3. Let i(h) = -18*f(h) + x(h). Let r be i(5). What is the hundreds digit of 2/(-6)*r - -218?
2
Suppose 10*u = 4*y - 268, 2*y + 2*y - u - 286 = 0. Suppose 2*s = -3*s - 3*f + 34, 0 = -5*s - 2*f + 31. Suppose s*z = 2*z + y. What is the tens digit of z?
2
Suppose 51190 = b - 4*o, 355*b - 4*o = 356*b - 51158. What is the tens digit of b?
7
Suppose -4*x = -4*p + 8, 3*x - 5 = -4*p + 24. Suppose x*w - 10*s - 112 = -8*s, s = -4*w + 131. What is the tens digit of w?
3
Let b(p) = 47*p**2 + 43*p + 221. What is the units digit of b(22)?
5
Let y = 17946 - 6113. What is the tens digit of y?
3
Suppose 0 = -19*x - 100173 + 729491. What is the hundreds digit of x?
1
Let l(d) = 4*d + 28. Let z be l(-4). What is the hundreds digit of 3*(0 - (-1624)/z)?
4
Let t(w) = w**3 - 23*w**2 - 18*w + 80. Let a(g) = 2*g**3 - 46*g**2 - 35*g + 161. Let q(h) = -4*a(h) + 9*t(h). What is the hundreds digit of q(24)?
1
Suppose 0*w - 1 = -2*w + 3*u, w = u. Let k be -1 - w/((-2)/(-660)). Suppose -k = -4*r - 81. What is the units digit of r?
2
Let p = 351 - -71. What is the units digit of p?
2
What is the hundreds digit of -1 - 15/((-15)/6817)?
8
Let r be (-2)/16 - (4356/(-32) + 2). Let k = 875 - r. What is the tens digit of k?
4
Suppose 8*k + 24 = 4*k. Let q be (32/14)/(k/(-21)). Let n = 20 - q. What is the units digit of n?
2
Let t = -40 - -37. Let n = t - -9. Suppose 154 = n*c - 4*c + g, 5*c - 400 = 5*g. What is the tens digit of c?
7
Let o(v) = -94*v + 13. Let m = -44 + 40. What is the units digit of o(m)?
9
Suppose 0 = 2*x - 1323 - 5687. What is the hundreds digit of x?
5
Suppose 2 = 5*r - 3*w - 74, -5*w + 4 = r. Suppose -8*z - 1428 = -r*z. What is the units digit of z?
8
Let t be 6 + (-18)/(-30)*-5. Suppose -t*m = k - 1928, 1929 = k - 3*m - 5. What is the tens digit of k?
3
Let t(i) = i**3 + 3*i**2 - 9*i + 9. Let h be t(-5). Suppose -2*x = 5*q - 3537, 3*q + 2*q = -h*x + 3529. What is the hundreds digit of q?
7
Let a = 93 + 327. Let v = a + -325. What is the tens digit of v?
9
Let f(q) = 21*q**3 - 9*q**2 + 5*q - 12. What is the ten thousands digit of f(14)?
5
Suppose 0 = 2*n + 456 - 402. Let y = n - -237. What is the units digit of y?
0
Suppose 35*o = -14*o - 1176. Let b = 4 + -6. What is the tens digit of (-55)/(-2) - 6/o*b?
2
Let r be (-2)/(-9) - (-880418)/(-9). What is the units digit of (r/56)/(-4) - 4/(-14)?
7
Let x = 3900 - 1021. What is the hundreds digit of x?
8
Suppose -41*b + 53*b - 184308 = 82644. What is the units digit of b?
6
Let z = 25 + -126. Let u = z + 100. What is the tens digit of (u - 0)*-228 + 0/(-1)?
2
Let z(k) = -2*k**3 - 3*k**2 - 8. Let w be z(3). Let x = 144 + w. Suppose 4*f + 106 = 2*s, f + x = -s + 2*s. What is the units digit of s?
7
Let q = -55414 - -80063. What is the ten thousands digit of q?
2
Let r be 254/(-7) + 6/21. Let p = r - -38. What is the units digit of 5*39*2/10*p?
8
Let w = 26 + -8. Let g(l) = -l**2 + 39*l - 40. Let m be g(w). Suppose 2*o + m = 4*o. What is the hundreds digit of o?
1
Let x = -1182 + 687. Let y = x + 809. Let s = 447 -